374?
True
Is 63575424 a multiple of 2871?
True
Is 48745175 a multiple of 31?
True
Is 242 a factor of 13908363?
False
Is 8 a factor of 267888?
True
Does 27 divide 667733112?
True
Does 301 divide 2960636?
True
Does 84 divide 2517240144?
False
Does 2358 divide 932442804?
True
Is 90 a factor of 8726400?
True
Is 28 a factor of 7266280?
True
Is 2583421632 a multiple of 8808?
True
Does 102 divide 388749030?
True
Is 2279 a factor of 119130167?
True
Does 3870 divide 852469594?
False
Does 5 divide 18627242?
False
Is 131 a factor of 61778295?
False
Does 679 divide 610834511?
True
Is 168 a factor of 17445792?
True
Is 74098976 a multiple of 784?
True
Is 72 a factor of 34794828?
False
Is 1691 a factor of 228888687?
True
Is 11 a factor of 778841245?
False
Does 412 divide 581400500?
False
Does 455 divide 104402480?
True
Is 390576101 a multiple of 1297?
False
Is 270903722 a multiple of 68?
False
Is 127478637 a multiple of 555?
False
Does 3 divide 13565966?
False
Is 457361388 a multiple of 2508?
True
Is 36231865 a multiple of 9?
False
Is 3785 a factor of 352796065?
True
Is 393341940 a multiple of 27?
True
Is 18 a factor of 8073218?
False
Is 61178544 a multiple of 24?
True
Is 34195007 a multiple of 345?
False
Is 41451664 a multiple of 18?
False
Is 261 a factor of 22905440?
False
Is 12 a factor of 83317728?
True
Is 9 a factor of 851169?
False
Is 80 a factor of 90852661?
False
Is 39353295 a multiple of 4195?
True
Does 294 divide 149964696?
True
Is 1219 a factor of 440609245?
False
Is 368 a factor of 9680207?
False
Is 37107682 a multiple of 38?
False
Is 707910260 a multiple of 34?
True
Does 68 divide 38184380?
True
Does 1611 divide 31052025?
True
Does 2020 divide 909416128?
False
Does 40 divide 91040574?
False
Is 150077800 a multiple of 12?
False
Is 305395633 a multiple of 6885?
False
Is 12 a factor of 22114367?
False
Is 870733 a multiple of 4?
False
Is 36651550 a multiple of 131?
False
Does 204 divide 39580080?
True
Is 1357 a factor of 150937626?
False
Does 3218 divide 1720989618?
True
Is 198 a factor of 32347742?
False
Is 346 a factor of 31248815?
False
Is 97649257 even?
False
Is 488 a factor of 31020696?
True
Does 37 divide 125748364?
False
Is 361 a factor of 855570?
True
Is 50421112 a multiple of 69?
False
Is 887 a factor of 982945016?
True
Does 2410 divide 403409789?
False
Is 371 a factor of 381551363?
False
Is 64 a factor of 446762813?
False
Is 769949136 a multiple of 66?
True
Is 29947239 a multiple of 189?
True
Is 168685224 a multiple of 297?
False
Is 590338710 a multiple of 736?
False
Does 3993 divide 2612037941?
False
Is 645 a factor of 1914654120?
True
Is 286931385 a multiple of 45?
True
Does 10 divide 47019226?
False
Is 1323 a factor of 375666198?
False
Does 215 divide 2829303035?
True
Is 133728239 a multiple of 102?
False
Does 537 divide 8766629?
False
Is 85 a factor of 1453211765?
True
Does 2047 divide 300598600?
False
Does 108 divide 703541160?
True
Is 1127181686 a multiple of 78?
False
Is 17 a factor of 101654424?
True
Is 790610004 a multiple of 19?
False
Does 8976 divide 2981817053?
False
Is 3744 a factor of 3001687084?
False
Does 6 divide 37274366?
False
Is 382 a factor of 182560997?
False
Does 1031 divide 293975322?
False
Is 156068500 a multiple of 2125?
True
Does 113 divide 60638430?
False
Is 1510 a factor of 19933785?
False
Is 63565480 a multiple of 179?
False
Does 79 divide 9339775?
True
Is 1559 a factor of 249287218?
True
Does 1150 divide 867631300?
True
Is 207820561 a multiple of 13?
True
Does 6847 divide 577975811?
True
Does 196 divide 176444884?
True
Is 347327513 a multiple of 163?
False
Is 99207419 a multiple of 962?
False
Does 15 divide 123781320?
True
Is 374565334 a multiple of 26?
True
Is 1110167238 a multiple of 5?
False
Is 151005418 a multiple of 236?
False
Does 3065 divide 956215635?
True
Does 11 divide 29188786?
True
Is 651616104 a multiple of 146?
True
Is 22 a factor of 44387508?
True
Is 2063753315 a multiple of 14599?
False
Is 6523036 a multiple of 94?
True
Does 17 divide 80907318?
True
Does 18 divide 52780423?
False
Is 30169864 a multiple of 1234?
False
Does 67 divide 31806636?
False
Is 15 a factor of 1536749118?
False
Is 360 a factor of 1375096680?
True
Is 1097 a factor of 39632086?
False
Is 19091609 a multiple of 3?
False
Is 2173827870 a multiple of 168?
False
Is 543366218 a multiple of 45?
False
Is 1414790650 a multiple of 910?
True
Is 80159742 a multiple of 3042?
True
Does 196 divide 25132204?
False
Is 46 a factor of 28251572?
False
Is 708956484 a multiple of 4?
True
Is 455906 a multiple of 106?
True
Is 82900506 a multiple of 172?
False
Is 104369335 a multiple of 26?
False
Is 264 a factor of 204262344?
True
Is 607969932 a multiple of 1535?
False
Does 3 divide 87064482?
True
Is 46112430 a multiple of 127?
True
Is 37333214 even?
True
Does 21 divide 11498982?
False
Does 11 divide 837694902?
True
Is 65 a factor of 113037080?
True
Does 14 divide 545234886?
True
Is 2175 a factor of 2578492950?
True
Is 46 a factor of 784811447?
False
Is 18498681 a multiple of 1092?
False
Is 82 a factor of 9272146?
False
Is 251842215 a multiple of 1055?
True
Is 674 a factor of 4153636?
False
Does 1647 divide 1028510668?
False
Is 7 a factor of 48625479?
True
Is 534 a factor of 40456908?
True
Is 3693621204 a multiple of 13?
True
Is 787 a factor of 513395515?
True
Is 270192214 a multiple of 82?
True
Is 107 a factor of 170136?
False
Is 179 a factor of 71660686?
False
Does 1022 divide 1796117988?
True
Is 24633875 a multiple of 787?
False
Does 18 divide 63415874?
False
Is 38992058 a multiple of 7?
True
Is 166639410 a multiple of 35?
True
Does 39 divide 26272972?
False
Is 526 a factor of 246489544?
False
Does 6 divide 344022238?
False
Is 165643770 a multiple of 1678?
True
Is 24 a factor of 1099844580?
False
Is 172403786 a multiple of 2701?
False
Does 71 divide 2577328755?
True
Does 1069 divide 6117871?
False
Is 54 a factor of 26536518?
True
Is 37 a factor of 42364732?
False
Is 3517 a factor of 95665917?
True
Is 7284 a factor of 4558560288?
True
Is 483032625 a multiple of 16?
False
Is 789 a factor of 13652067?
True
Is 803 a factor of 18361398?
True
Does 479 divide 9708851?
True
Is 367 a factor of 84127410?
True
Is 29538565 a multiple of 1393?
True
Is 15358650 a multiple of 75?
True
Does 541 divide 1068729811?
True
Does 40 divide 48803960?
True
Is 118139868 a multiple of 132?
True
Does 227 divide 47686002?
False
Is 257916223 a multiple of 4769?
False
Does 6472 divide 1573923591?
False
Is 9 a factor of 329643?
True
Is 572 a factor of 96805643?
False
Is 174 a factor of 18322525?
False
Does 8 divide 65659704?
True
Is 516 a factor of 31204068?
True
Is 1253381630 a multiple of 1279?
True
Does 466 divide 30221244?
False
Is 681840518 a multiple of 166?
True
Is 5758236 a multiple of 54?
True
Is 237583626 a multiple of 6?
True
Is 49 a factor of 15320349?
False
Is 3402 a factor of 1322496882?
True
Is 16 a factor of 543296?
True
Is 34798999 a multiple of 10?
False
Does 10 divide 54171414?
False
Is 39 a factor of 29539392?
False
Is 18888324 a multiple of 91?
True
Is 73 a factor of 252246974?
True
Is 31308297 a multiple of 993?
True
Does 39 divide 49164348?
False
Is 14 a factor of 59115496?
False
Is 261 a factor of 420081949?
False
Does 398 divide 39299612?
False
Is 18 a factor of 43566786?
True
Does 10 divide 180584920?
True
Is 737012443 a multiple of 1445?
False
Is 36 a factor of 2560916772?
True
Does 579 divide 667699115?
False
Is 1609 a factor of 1814754957?
False
Does 10792 divide 733381152?
True
Is 8 a factor of 38818439?
False
Does 1436 divide 44066532?
True
Is 108 a factor of 25702510?
False
Is 63 a factor of 15167754?
True
Is 23 a factor of 36713382?
True
Is 4059596 even?
True
Is 2455496 even?
True
Is 182465148 a multiple of 779?
False
Does 22 divide 7547254?
True
Is 9825089 a multiple of 6?
False
Does 43 divide 18195152?
False
Is 237 a factor of 12601764?
True
Is 402 a factor of 976489356?
True
Is 16147593 a multiple of 693?
True
Does 39 divide 73169541?
False
Does 229 divide 92789655?
True
Is 16 a factor of 886823741?
False
Is 9501855279 a multiple of 167?
True
Does 747 divide 31349349?
True
Is 28223272 a multiple of 15?
False
Is 157605534 a multiple of 35?
False
Is 24 a factor of 9599021?
False
Is 523787901 a multiple of 13?
True
Is 1153530393 a multiple 